 7, 41
Let t be (14/(-3))/((-13326)/4446 - -3). Let c = t + 2717. What are the prime factors of c?
2, 13, 19
Suppose -8*l + 15624 = 16*l. Suppose -2*u = 2*k - 1298, -5*k - 3*u + 2600 + l = 0. What are the prime factors of k?
2, 163
Let s(b) be the second derivative of -7*b**3/3 + 61*b**2/2 + b - 8. List the prime factors of s(-6).
5, 29
Let f(h) = 51*h**2 - 54*h - 681. List the prime factors of f(-11).
2, 3, 13
Let s = 248 + -172. Let b = s - -254. List the prime factors of b/15 + (-2)/2.
3, 7
Suppose 835 = 3*f - 125. Suppose -o = -3*o + v + f, -v = 3*o - 470. Let p = -112 + o. What are the prime factors of p?
2, 23
What are the prime factors of 50/(-60)*-3*34014/3?
5, 5669
Suppose -3*a + 10 = 4*b, -4*b - 2*a = -2*b - 4. Suppose -1358 = -b*j + 1526. What are the prime factors of j?
7, 103
Let y = 78 - 84. Let a = 11 + -19. List the prime factors of 58*y/a*2.
3, 29
Let k be (-2)/(-4) - (-14)/4. Let p(i) = -5 - 8 + 21*i + k + i**2. List the prime factors of p(-24).
3, 7
What are the prime factors of (12 - (-140)/(-8))*(-4 + -1678)?
11, 29
Let c = 24 - 24. Suppose 5*f - 3*f = c. List the prime factors of 7/(5/15 - f).
3, 7
Suppose 20*y = 480543 + 149697. What are the prime factors of y?
2, 3, 13, 101
Suppose 63 + 126 = 7*g. Let p(k) be the third derivative of -k**6/120 + 9*k**5/20 + 5*k**4/12 + 3*k**3/2 + 2*k**2. List the prime factors of p(g).
3, 31
Let u be (-1)/((3/1 + -2)/(-2)). Suppose 0 = -y + 1 - 2, u*w - 991 = 3*y. What are the prime factors of w?
2, 13, 19
Let x = -83832 - -136060. What are the prime factors of x?
2, 11, 1187
Let b = -432 - -202. Let m = b - -660. List the prime factors of m.
2, 5, 43
Suppose 0 = -2*g + 3 + 5. Suppose 0 = 8*f - 9*f - 4*m + 1108, -5*f + g*m = -5516. List the prime factors of f.
2, 3, 23
Suppose -w + 3*t - 50 = -0*w, 5*t = -3*w - 178. Let r(f) = 26*f. Let y be r(6). Let b = w + y. List the prime factors of b.
2, 5
Let w(f) = -3*f + 21. Let v be w(2). Suppose v*j - 22*j + 3724 = 0. List the prime factors of j.
2, 7, 19
Let o(v) = -v**3 + 53*v**2 - 102*v + 40. Let r be o(51). Suppose 2*p - 17 = 3. Let a = r - p. List the prime factors of a.
2, 3, 5
Let t = 223 - 154. Let y = 68 + -121. Let o = y + t. List the prime factors of o.
2
Let d be (-4 + 1 + 6)/(3/62). Let y = 573 - d. What are the prime factors of y?
7, 73
Let y(q) = q**3 + 3*q**2 + q + 411. Let m(i) = -2*i**3 - 4*i**2 - i - 411. Let j(o) = 2*m(o) + 3*y(o). What are the prime factors of j(0)?
3, 137
Let v be -28 + 26 + (-2 + 6 - 0). Suppose 3*q + 101 = m, 4*q + 84 = v*m - 54. What are the prime factors of q/((-9 - -5) + 2)?
2
Let x be (-2378)/(-9) - 2/9. Let b = 109 - x. What are the prime factors of ((-276)/(-10))/(-6 - b/25)?
2, 3, 23
Let s(a) = 16*a**2 + 59*a + 342. What are the prime factors of s(30)?
2, 3, 43
Let n(b) = 2*b**3 - 28*b**2 + 56*b + 23. Let m be n(12). Let j(q) = -68*q**3 - q**2 + q + 1. Let c be j(-1). Let u = m - c. What are the prime factors of u?
2, 13
What are the prime factors of 1560/208*(-12)/10 - -3967?
2, 1979
Let l(z) = 27*z + 206. Suppose 24 + 576 = 25*p. What are the prime factors of l(p)?
2, 7, 61
Let u = 24 + 0. Let j(p) = -10*p + u*p**2 - 18*p - 17*p + 42*p - 1. List the prime factors of j(-2).
101
Let s be 8 + -8 - -3 - 0. Suppose -4*y = s*d - 2329, -48 = 5*d - 23. What are the prime factors of y?
2, 293
Let l = -110 - -119. What are the prime factors of (6/l)/((-8)/(-19692))?
3, 547
Suppose -5*r + 130 = 2*u - 91, 5*r = -5*u + 530. Let p be 0 - (-59 - 4/(-2)). Let k = u - p. List the prime factors of k.
2, 23
Let j be (-100)/1150 + (-140)/(-23) - -1801. Let l = -1058 + j. What are the prime factors of l?
7, 107
Let a(v) = v**3 + 7*v**2 + v - 4. Let l(z) = 2*z**3 + 6*z**2 + z - 5. Let d(o) = -3*a(o) + 2*l(o). Let s be d(7). Let h = -31 - s. List the prime factors of h.
2, 3
What are the prime factors of (28/3 - (-40 + 50))/((-2)/80337)?
61, 439
Let c(o) be the first derivative of o**4/6 - 11*o**3/6 - 11*o**2 + 46*o + 32. Let d(u) be the first derivative of c(u). List the prime factors of d(15).
263
Suppose -34*s + 46382 + 36306 = 0. Let p = s + -1459. List the prime factors of p.
7, 139
Let z = 26138 + 439. What are the prime factors of z?
3, 2953
Let y(t) = 36*t**2 + 42*t + 99. List the prime factors of y(-25).
3, 11, 653
Let y(s) = 1739*s - 1166. List the prime factors of y(5).
7529
Let o(n) be the first derivative of n**4/4 + 2*n**3/3 - 7*n**2/2 + 49*n + 56. List the prime factors of o(7).
3, 7
Let r(l) = -l**3 + l**2 + 8*l + 6. Let i be 2/((-2)/1 + 4) + 2. Suppose -i*u - 12 = -j, -u + 19 = -6*u + 2*j. List the prime factors of r(u).
2, 29
Let h = 9 - 11. List the prime factors of (-1284)/(-4) - h*3.
3, 109
Suppose -3*j = 2*j - 125. Suppose j + 191 = 4*x. Suppose q - x = -c, -3 + 73 = q + 5*c. List the prime factors of q.
2, 5
Let j(q) = 38*q + 3. Let p be j(4). Let s = 1373 - 1096. Let v = s - p. What are the prime factors of v?
2, 61
Suppose -66 = 3*q - 27. Let s = q - -251. List the prime factors of s.
2, 7, 17
Let f(t) = 1874*t + 531. What are the prime factors of f(22)?
41759
Suppose 3840 - 27610 = -10*h. List the prime factors of h.
2377
Let i(p) = p**2 - p + 1. Let k(o) = -3*o - 8*o - o - 16 - 9*o**2 + 2*o**2. Let j(c) = 5*i(c) + k(c). List the prime factors of j(-7).
2, 5
Let g(o) = 1577*o - 646. What are the prime factors of g(6)?
2, 19, 29
Let f = 18588 + 24288. What are the prime factors of f?
2, 3, 397
Suppose 13*g - 11*g - 14 = 0. List the prime factors of -1 - ((g - 337) + -5).
2, 167
Let r = 403 + -286. Let v = r - 61. List the prime factors of v.
2, 7
Suppose -k + 23996 = 3*c, -3*c + 150950 = 4*k + 55011. What are the prime factors of k?
23981
Suppose 0 = -3*k + 15, -3*k = -2*d - 0*d + 32871. List the prime factors of d.
3, 7, 29
Suppose -18*b = -21*b. Suppose b = -19*q + 29692 - 10122. What are the prime factors of q?
2, 5, 103
List the prime factors of 6510 + -45 + 12/2.
3, 719
Let s(y) = 6*y**2 + 28*y - 415. What are the prime factors of s(26)?
17, 257
Let f be (-8 + 6)*(-20)/8. Suppose -f*o + 6030 - 2750 = 0. What are the prime factors of o?
2, 41
Suppose 24*o - 66865 = 51263. What are the prime factors of o?
2, 23, 107
Let h be -588 - (2 + 5 - 11). Let w = h - -841. What are the prime factors of w?
257
Let a(n) = 483*n + 576. List the prime factors of a(5).
3, 997
Suppose 6*u - 1626 = -5742. Let o = u + 990. What are the prime factors of o?
2, 19
Let v = 404 - 399. Suppose -1541 - 91 = -v*j - w, -3*j - 3*w + 972 = 0. List the prime factors of j.
3, 109
Let f(b) = 20*b**3 - 11*b**2 - 4*b - 99. List the prime factors of f(10).
73, 257
Let a be ((-3588)/15)/2 - 2/5. Let o = a + 224. Suppose -3*u - 9*h = -5*h - o, 0 = -4*u + 2*h + 146. What are the prime factors of u?
2, 3
Suppose 5*d - 35663 = d - 611. List the prime factors of d.
3, 23, 127
List the prime factors of 116010/(-5)*(-22)/16 + 1/4.
61, 523
Let g = -1513 - -2231. Suppose -6*d + 4*w = -3*d - g, 0 = -5*d - 4*w + 1218. What are the prime factors of d?
2, 11
Let t = -39 + 86. Suppose -2*f = 4*w - 98, -2*w + w + t = -4*f. Let s = 40 - w. What are the prime factors of s?
13
Let l(u) = 18*u - 57. Let n be -2*(2/(-4) + 30/(-6)). List the prime factors of l(n).
3, 47
What are the prime factors of (148 + -153 - (-9)/2)/(1/(-25776))?
2, 3, 179
Let u(q) = -10*q + 13. Let k be u(-10). Suppose -4*x + w = -k, -5*x - 26 + 171 = -5*w. Let s = 34 - x. What are the prime factors of s?
2, 3
Let q = 19576 + -14709. What are the prime factors of q?
31, 157
Let y(w) = 114*w - 1. Let u be y(9). Suppose 3*b = 5*c + u, c = 5*b - 3*c - 1691. Suppose b + 1321 = 12*f. List the prime factors of f.
2, 3, 23
Let h(k) = -162*k - 557. List the prime factors of h(-29).
41, 101
Let s be (-130)/(-35) - (-4)/14. Let z be s - 2 - -2 - -137. Suppose -2*c + 5*c = z. What are the prime factors of c?
47
Let v = 13083 + -9187. List the prime factors of v.
2, 487
Let w = 2536 + 1361. List the prime factors of w.
3, 433
Let p = 4978 - -6309. List the prime factors of p.
11287
Suppose -4*r = -4216 + 1092. Let u = 1487 - r. What are the prime factors of u?
2, 353
Suppose 0 = 3*v - 9834 + 6315 - 12474. What are the prime factors of v?
3, 1777
Let d(j) = 19*j**2 - 6 + j**3 - 2 - 38*j + 1 + 42*j. List the prime factors of d(-8).
5, 7, 19
Let x be 1*(452 - (3 + -4)). Suppose -5*t